{"id":678,"date":"2024-06-26T05:49:20","date_gmt":"2024-06-26T05:49:20","guid":{"rendered":"https:\/\/mydlamanufaktura.pl\/?post_type=product&#038;p=678"},"modified":"2026-01-23T07:36:38","modified_gmt":"2026-01-23T07:36:38","slug":"mydlo-kozie-mleko","status":"publish","type":"product","link":"https:\/\/mydlamanufaktura.pl\/?product=mydlo-kozie-mleko","title":{"rendered":"Myd\u0142o Kozie Mleko"},"content":{"rendered":"","protected":false},"excerpt":{"rendered":"<p><strong>W trosce o Twoj\u0105 sk\u00f3r\u0119 &#8211; Kozie Mleko!\u00a0\u00a0<\/strong><\/p>\n<blockquote>\n<p style=\"font-weight: 400;\">Glicerynowe myd\u0142o z kozim mlekiem o kremowej konsystencji i delikatnym dzia\u0142aniu.\u00a0Wspomaga nawil\u017cenie i wyg\u0142adzenie sk\u00f3ry nie naruszaj\u0105c bariery hydrolipidowej. Kozie mleko wykorzystywane w kosmetyce likwiduje uczucie \u015bci\u0105gni\u0119cia i sucho\u015bci. Regularnie stosowane pomaga w zmi\u0119kczeniu, uelastycznieniu oraz rozja\u015bnieniu sk\u00f3ry.<\/p>\n<\/blockquote>\n<ul>\n<li>myd\u0142o glicerynowe<\/li>\n<li>nawil\u017ca sk\u00f3r\u0119, nie pozostawia osadu i uczucia \u015bci\u0105gni\u0119cia<\/li>\n<li>g\u0142\u0119boko od\u017cywia<\/li>\n<li>perfumowany, delikatny zapach<\/li>\n<\/ul>\n<p><strong>Waga<\/strong>: oko\u0142o 90 g.<\/p>\n","protected":false},"featured_media":733,"comment_status":"open","ping_status":"closed","template":"","meta":{"_monsterinsights_skip_tracking":false,"_monsterinsights_sitenote_active":false,"_monsterinsights_sitenote_note":"","_monsterinsights_sitenote_category":0},"product_brand":[],"product_cat":[91,32],"product_tag":[],"class_list":{"0":"post-678","1":"product","2":"type-product","3":"status-publish","4":"has-post-thumbnail","6":"product_cat-kozie-mleko","7":"product_cat-mydla-specjalistyczne","9":"first","10":"instock","11":"sale","12":"shipping-taxable","13":"purchasable","14":"product-type-simple"},"aioseo_notices":[],"jetpack_sharing_enabled":true,"_links":{"self":[{"href":"https:\/\/mydlamanufaktura.pl\/index.php?rest_route=\/wp\/v2\/product\/678","targetHints":{"allow":["GET"]}}],"collection":[{"href":"https:\/\/mydlamanufaktura.pl\/index.php?rest_route=\/wp\/v2\/product"}],"about":[{"href":"https:\/\/mydlamanufaktura.pl\/index.php?rest_route=\/wp\/v2\/types\/product"}],"replies":[{"embeddable":true,"href":"https:\/\/mydlamanufaktura.pl\/index.php?rest_route=%2Fwp%2Fv2%2Fcomments&post=678"}],"wp:featuredmedia":[{"embeddable":true,"href":"https:\/\/mydlamanufaktura.pl\/index.php?rest_route=\/wp\/v2\/media\/733"}],"wp:attachment":[{"href":"https:\/\/mydlamanufaktura.pl\/index.php?rest_route=%2Fwp%2Fv2%2Fmedia&parent=678"}],"wp:term":[{"taxonomy":"product_brand","embeddable":true,"href":"https:\/\/mydlamanufaktura.pl\/index.php?rest_route=%2Fwp%2Fv2%2Fproduct_brand&post=678"},{"taxonomy":"product_cat","embeddable":true,"href":"https:\/\/mydlamanufaktura.pl\/index.php?rest_route=%2Fwp%2Fv2%2Fproduct_cat&post=678"},{"taxonomy":"product_tag","embeddable":true,"href":"https:\/\/mydlamanufaktura.pl\/index.php?rest_route=%2Fwp%2Fv2%2Fproduct_tag&post=678"}],"curies":[{"name":"wp","href":"https:\/\/api.w.org\/{rel}","templated":true}]}}