{"id":28,"date":"2024-06-26T05:18:56","date_gmt":"2024-06-26T05:18:56","guid":{"rendered":"https:\/\/mydlamanufaktura.pl\/?post_type=product&#038;p=28"},"modified":"2026-01-23T08:12:38","modified_gmt":"2026-01-23T08:12:38","slug":"sol-do-stop","status":"publish","type":"product","link":"https:\/\/mydlamanufaktura.pl\/?product=sol-do-stop","title":{"rendered":"S\u00f3l do st\u00f3p"},"content":{"rendered":"","protected":false},"excerpt":{"rendered":"<div class=\"product-single-short-description\">\n<div class=\"product-single-short-description\">\n<div class=\"product-single-short-description\">\n<div class=\"product-single-short-description\">\n<p>Mieszanina soli uzdrowiskowych i naturalnych dodatk\u00f3w dla rozpieszczenia sk\u00f3ry st\u00f3p. Wybierz spo\u015br\u00f3d pi\u0119ciu wyj\u0105tkowych soli:<\/p>\n<ul>\n<li><strong>Relaks dla st\u00f3p<\/strong> \u2013 s\u00f3l z dodatkiem naturalnej lawendy, kt\u00f3ra zrelaksuje i odpr\u0119\u017cy twoje stopy, uwolni je od zm\u0119czenia oraz zniweluje opuchlizn\u0119 i przyniesie odpr\u0119\u017cenie.<\/li>\n<li><strong>G\u0142adkie stopy<\/strong> \u2013 s\u00f3l z dodatkiem naturalnych p\u0142atk\u00f3w r\u00f3\u017cy, dzi\u0119ki kt\u00f3rej sk\u00f3ra staje si\u0119 solidnie od\u017cywiona, a p\u0142atki nadaj\u0105 jej mi\u0119kko\u015b\u0107. Dodatkowo kwiaty maj\u0105 tak\u017ce w\u0142a\u015bciwo\u015bci \u015bci\u0105gaj\u0105ce i antyseptycznie.<\/li>\n<li><strong>Zimne stopy<\/strong> \u2013 s\u00f3l rozgrzewaj\u0105ca z dodatkiem cynamonu pobudza mikrokr\u0105\u017cenie sk\u00f3ry daj\u0105c natychmiastowe i g\u0142\u0119bokie uczucie ciep\u0142a. Dzia\u0142a relaksuj\u0105co i antyseptycznie.<\/li>\n<li><strong>Stopy potliwe<\/strong> \u2013 s\u00f3l z dodatkiem naturalnego olejku eukaliptusowego oraz sza\u0142wi\u0105, wykazuje bardzo wysok\u0105 skuteczno\u015b\u0107 w walce z potliwo\u015bci\u0105 st\u00f3p, a dodatek eukaliptusa \u0142agodzi b\u00f3le pochodzenia kostno-mi\u0119\u015bniowego.<\/li>\n<li><strong>Opuchni\u0119te stopy<\/strong> \u2013 s\u00f3l z dodatkiem naturalnej mi\u0119ty to domowy spos\u00f3b na obola\u0142e i spuchni\u0119te stopy. Mi\u0119towy olejek eteryczny i suszona mi\u0119ta wykazuj\u0105 dodatkowo dzia\u0142anie antyseptyczne i ch\u0142odz\u0105ce.<\/li>\n<\/ul>\n<p><strong>Pojemno\u015b\u0107:<\/strong> 300g.<\/p>\n<\/div>\n<\/div>\n<\/div>\n<\/div>\n","protected":false},"featured_media":74,"comment_status":"open","ping_status":"closed","template":"","meta":{"_monsterinsights_skip_tracking":false,"_monsterinsights_sitenote_active":false,"_monsterinsights_sitenote_note":"","_monsterinsights_sitenote_category":0},"product_brand":[],"product_cat":[16],"product_tag":[],"class_list":{"0":"post-28","1":"product","2":"type-product","3":"status-publish","4":"has-post-thumbnail","6":"product_cat-sole-kapielowe","8":"first","9":"instock","10":"shipping-taxable","11":"purchasable","12":"product-type-variable"},"aioseo_notices":[],"jetpack_sharing_enabled":true,"_links":{"self":[{"href":"https:\/\/mydlamanufaktura.pl\/index.php?rest_route=\/wp\/v2\/product\/28","targetHints":{"allow":["GET"]}}],"collection":[{"href":"https:\/\/mydlamanufaktura.pl\/index.php?rest_route=\/wp\/v2\/product"}],"about":[{"href":"https:\/\/mydlamanufaktura.pl\/index.php?rest_route=\/wp\/v2\/types\/product"}],"replies":[{"embeddable":true,"href":"https:\/\/mydlamanufaktura.pl\/index.php?rest_route=%2Fwp%2Fv2%2Fcomments&post=28"}],"wp:featuredmedia":[{"embeddable":true,"href":"https:\/\/mydlamanufaktura.pl\/index.php?rest_route=\/wp\/v2\/media\/74"}],"wp:attachment":[{"href":"https:\/\/mydlamanufaktura.pl\/index.php?rest_route=%2Fwp%2Fv2%2Fmedia&parent=28"}],"wp:term":[{"taxonomy":"product_brand","embeddable":true,"href":"https:\/\/mydlamanufaktura.pl\/index.php?rest_route=%2Fwp%2Fv2%2Fproduct_brand&post=28"},{"taxonomy":"product_cat","embeddable":true,"href":"https:\/\/mydlamanufaktura.pl\/index.php?rest_route=%2Fwp%2Fv2%2Fproduct_cat&post=28"},{"taxonomy":"product_tag","embeddable":true,"href":"https:\/\/mydlamanufaktura.pl\/index.php?rest_route=%2Fwp%2Fv2%2Fproduct_tag&post=28"}],"curies":[{"name":"wp","href":"https:\/\/api.w.org\/{rel}","templated":true}]}}