{"id":27,"date":"2024-06-26T05:18:56","date_gmt":"2024-06-26T05:18:56","guid":{"rendered":"https:\/\/mydlamanufaktura.pl\/?post_type=product&#038;p=27"},"modified":"2026-01-23T08:12:20","modified_gmt":"2026-01-23T08:12:20","slug":"sol-do-kapieli-z-blawatkiem","status":"publish","type":"product","link":"https:\/\/mydlamanufaktura.pl\/?product=sol-do-kapieli-z-blawatkiem","title":{"rendered":"S\u00f3l do k\u0105pieli z b\u0142awatkiem"},"content":{"rendered":"","protected":false},"excerpt":{"rendered":"<div class=\"product-single-short-description\">\n<div class=\"product-single-short-description\">\n<p style=\"text-align: left;\"><strong>S\u00f3l k\u0105pielowa z kwiatami b\u0142awatka<\/strong><\/p>\n<p style=\"text-align: left;\">Wyj\u0105tkowa k\u0105piel z przepisem na pi\u0119kno:<\/p>\n<ul style=\"text-align: left;\">\n<li>do codziennej k\u0105pieli dodaj naszej soli z dodatkiem b\u0142awatka<\/li>\n<li>pobud\u017a zmys\u0142y i odpr\u0119\u017c cia\u0142o<\/li>\n<li>pozw\u00f3l soli na regeneracj\u0119 i zmiekcz\u0119nie<\/li>\n<\/ul>\n<p style=\"text-align: left;\"><strong>Zapach inspirowany <\/strong><em>Priscilla Summer\u00a0<\/em>&#8211; otulaj\u0105cy, ciep\u0142y, letni zapach; po\u0142\u0105czenie s\u0142odkich nut mandarynki i cytryny, prze\u0142amanych kwiatow\u0105 woni\u0105, nut\u0105 herbaty i cedru.<\/p>\n<p style=\"text-align: left;\"><strong>Pojemno\u015b\u0107:<\/strong> 500 g.<\/p>\n<\/div>\n<\/div>\n","protected":false},"featured_media":67,"comment_status":"open","ping_status":"closed","template":"","meta":{"_monsterinsights_skip_tracking":false,"_monsterinsights_sitenote_active":false,"_monsterinsights_sitenote_note":"","_monsterinsights_sitenote_category":0},"product_brand":[],"product_cat":[16],"product_tag":[],"class_list":{"0":"post-27","1":"product","2":"type-product","3":"status-publish","4":"has-post-thumbnail","6":"product_cat-sole-kapielowe","8":"first","9":"instock","10":"shipping-taxable","11":"purchasable","12":"product-type-simple"},"aioseo_notices":[],"jetpack_sharing_enabled":true,"_links":{"self":[{"href":"https:\/\/mydlamanufaktura.pl\/index.php?rest_route=\/wp\/v2\/product\/27","targetHints":{"allow":["GET"]}}],"collection":[{"href":"https:\/\/mydlamanufaktura.pl\/index.php?rest_route=\/wp\/v2\/product"}],"about":[{"href":"https:\/\/mydlamanufaktura.pl\/index.php?rest_route=\/wp\/v2\/types\/product"}],"replies":[{"embeddable":true,"href":"https:\/\/mydlamanufaktura.pl\/index.php?rest_route=%2Fwp%2Fv2%2Fcomments&post=27"}],"wp:featuredmedia":[{"embeddable":true,"href":"https:\/\/mydlamanufaktura.pl\/index.php?rest_route=\/wp\/v2\/media\/67"}],"wp:attachment":[{"href":"https:\/\/mydlamanufaktura.pl\/index.php?rest_route=%2Fwp%2Fv2%2Fmedia&parent=27"}],"wp:term":[{"taxonomy":"product_brand","embeddable":true,"href":"https:\/\/mydlamanufaktura.pl\/index.php?rest_route=%2Fwp%2Fv2%2Fproduct_brand&post=27"},{"taxonomy":"product_cat","embeddable":true,"href":"https:\/\/mydlamanufaktura.pl\/index.php?rest_route=%2Fwp%2Fv2%2Fproduct_cat&post=27"},{"taxonomy":"product_tag","embeddable":true,"href":"https:\/\/mydlamanufaktura.pl\/index.php?rest_route=%2Fwp%2Fv2%2Fproduct_tag&post=27"}],"curies":[{"name":"wp","href":"https:\/\/api.w.org\/{rel}","templated":true}]}}