{"id":18,"date":"2024-06-26T05:18:55","date_gmt":"2024-06-26T05:18:55","guid":{"rendered":"https:\/\/mydlamanufaktura.pl\/?post_type=product&#038;p=18"},"modified":"2026-01-23T08:14:27","modified_gmt":"2026-01-23T08:14:27","slug":"aromatyzowana-sol-do-kapieli-w-woreczku-eco","status":"publish","type":"product","link":"https:\/\/mydlamanufaktura.pl\/?product=aromatyzowana-sol-do-kapieli-w-woreczku-eco","title":{"rendered":"Aromatyzowana s\u00f3l do k\u0105pieli w woreczku eco"},"content":{"rendered":"<p><em><strong>Pomara\u0144cza z cynamonem<\/strong> <\/em>&#8211; po\u0142\u0105czenie wibruj\u0105cej pomara\u0144czy ze s\u0142odkim, korzennym aromatem cynamonu.<\/p>\n<p><strong><em>R\u00f3\u017ca<\/em><\/strong><em>\u00a0<\/em>\u2013 kr\u00f3lowa kwiat\u00f3w, zapach, kt\u00f3ry uspokaja, poprawia nastr\u00f3j i dzia\u0142a niczym afrodyzjak.<\/p>\n<p><em><strong>Lawendowe wzg\u00f3rza<\/strong><\/em> &#8211; przenie\u015b si\u0119 na francuskie pola lawendy oblane zachodz\u0105cym s\u0142o\u0144cem&#8230;<\/p>\n","protected":false},"excerpt":{"rendered":"<p><strong>Mieszanina soli uzdrowiskowych o wyj\u0105tkowym aromacie<\/strong><\/p>\n<p>Aromatyczna k\u0105piel z przepisem na pi\u0119kno:<\/p>\n<ul>\n<li>do codziennej k\u0105pieli dodaj naszej soli<\/li>\n<li>pobud\u017a zmys\u0142y i odpr\u0119\u017c cia\u0142o<\/li>\n<li>pozw\u00f3l soli na regeneracj\u0119 i od\u017cywienie<\/li>\n<\/ul>\n<p><strong>Ciesz si\u0119 pi\u0119kn\u0105 sk\u00f3r\u0105!<\/strong><\/p>\n<ul>\n<li>s\u00f3l zamkni\u0119ta w ekologicznym woreczku<\/li>\n<\/ul>\n<p><strong>Spos\u00f3b u\u017cycia<\/strong>: Wsypa\u0107 \u0142y\u017ck\u0119 sto\u0142ow\u0105 soli do wanny z wod\u0105.<\/p>\n<p><strong>Pojemno\u015b\u0107<\/strong>: 350g.<\/p>\n<p>&nbsp;<\/p>\n<p>\u2193 Poznaj wszystkie dost\u0119pne zapachy w opisie poni\u017cej! \u2193<\/p>\n","protected":false},"featured_media":48,"comment_status":"open","ping_status":"closed","template":"","meta":{"_monsterinsights_skip_tracking":false,"_monsterinsights_sitenote_active":false,"_monsterinsights_sitenote_note":"","_monsterinsights_sitenote_category":0},"product_brand":[],"product_cat":[16],"product_tag":[],"class_list":{"0":"post-18","1":"product","2":"type-product","3":"status-publish","4":"has-post-thumbnail","6":"product_cat-sole-kapielowe","8":"first","9":"instock","10":"shipping-taxable","11":"purchasable","12":"product-type-variable"},"aioseo_notices":[],"jetpack_sharing_enabled":true,"_links":{"self":[{"href":"https:\/\/mydlamanufaktura.pl\/index.php?rest_route=\/wp\/v2\/product\/18","targetHints":{"allow":["GET"]}}],"collection":[{"href":"https:\/\/mydlamanufaktura.pl\/index.php?rest_route=\/wp\/v2\/product"}],"about":[{"href":"https:\/\/mydlamanufaktura.pl\/index.php?rest_route=\/wp\/v2\/types\/product"}],"replies":[{"embeddable":true,"href":"https:\/\/mydlamanufaktura.pl\/index.php?rest_route=%2Fwp%2Fv2%2Fcomments&post=18"}],"wp:featuredmedia":[{"embeddable":true,"href":"https:\/\/mydlamanufaktura.pl\/index.php?rest_route=\/wp\/v2\/media\/48"}],"wp:attachment":[{"href":"https:\/\/mydlamanufaktura.pl\/index.php?rest_route=%2Fwp%2Fv2%2Fmedia&parent=18"}],"wp:term":[{"taxonomy":"product_brand","embeddable":true,"href":"https:\/\/mydlamanufaktura.pl\/index.php?rest_route=%2Fwp%2Fv2%2Fproduct_brand&post=18"},{"taxonomy":"product_cat","embeddable":true,"href":"https:\/\/mydlamanufaktura.pl\/index.php?rest_route=%2Fwp%2Fv2%2Fproduct_cat&post=18"},{"taxonomy":"product_tag","embeddable":true,"href":"https:\/\/mydlamanufaktura.pl\/index.php?rest_route=%2Fwp%2Fv2%2Fproduct_tag&post=18"}],"curies":[{"name":"wp","href":"https:\/\/api.w.org\/{rel}","templated":true}]}}

Aromatyzowana sól do kąpieli w woreczku eco

<p><em><strong>Pomarańcza z cynamonem</strong> </em>&#8211; połączenie wibrującej pomarańczy ze słodkim, korzennym aromatem cynamonu.</p>
<p><strong><em>Róża</em></strong><em> </em>– królowa kwiatów, zapach, który uspokaja, poprawia nastrój i działa niczym afrodyzjak.</p>
<p><em><strong>Lawendowe wzgórza</strong></em> &#8211; przenieś się na francuskie pola lawendy oblane zachodzącym słońcem&#8230;</p>

<p><strong>Mieszanina soli uzdrowiskowych o wyjątkowym aromacie</strong></p>
<p>Aromatyczna kąpiel z przepisem na piękno:</p>
<ul>
<li>do codziennej kąpieli dodaj naszej soli</li>
<li>pobudź zmysły i odpręż ciało</li>
<li>pozwól soli na regenerację i odżywienie</li>
</ul>
<p><strong>Ciesz się piękną skórą!</strong></p>
<ul>
<li>sól zamknięta w ekologicznym woreczku</li>
</ul>
<p><strong>Sposób użycia</strong>: Wsypać łyżkę stołową soli do wanny z wodą.</p>
<p><strong>Pojemność</strong>: 350g.</p>
<p>&nbsp;</p>
<p>↓ Poznaj wszystkie dostępne zapachy w opisie poniżej! ↓</p>
