{"id":153,"date":"2024-06-26T05:24:00","date_gmt":"2024-06-26T05:24:00","guid":{"rendered":"https:\/\/mydlamanufaktura.pl\/?post_type=product&#038;p=153"},"modified":"2026-02-04T08:20:16","modified_gmt":"2026-02-04T08:20:16","slug":"peeling-do-stop","status":"publish","type":"product","link":"https:\/\/mydlamanufaktura.pl\/?product=peeling-do-stop","title":{"rendered":"Peeling do st\u00f3p"},"content":{"rendered":"","protected":false},"excerpt":{"rendered":"<p><strong>Mas\u0142o shea &amp; bursztyn &#8211; recepta dla twoich st\u00f3p!<\/strong><\/p>\n<ul>\n<li>dwufazowy peeling do st\u00f3p<\/li>\n<li>w naturalny spos\u00f3b \u015bciera martwy nask\u00f3rek<\/li>\n<li>pozostawia sk\u00f3r\u0119 st\u00f3p mi\u0119kk\u0105 i nawil\u017con\u0105<\/li>\n<li>po\u0142\u0105czenie soli uzdrowiskowych, olei nawil\u017caj\u0105cych, mas\u0142a shea, ekstraktu z bursztynu oraz naturalnych p\u0142atk\u00f3w kwiat\u00f3w<\/li>\n<\/ul>\n<p><strong>Wybierz jeden z czterech peeling\u00f3w do st\u00f3p i zakochaj si\u0119 w naturalnej piel\u0119gnacji!<\/strong><\/p>\n<ul>\n<li>na g\u0142adkie stopy &#8211; peeling z dodatkiem p\u0142atk\u00f3w r\u00f3\u017cy o dzia\u0142aniu antyoksydacyjnym<\/li>\n<li>relaks dla st\u00f3p &#8211; peeling z dodatkiem lawendy o dzia\u0142aniu odpr\u0119\u017caj\u0105cym<\/li>\n<\/ul>\n<p><strong>Waga<\/strong>: 360 g.<\/p>\n","protected":false},"featured_media":208,"comment_status":"open","ping_status":"closed","template":"","meta":{"_monsterinsights_skip_tracking":false,"_monsterinsights_sitenote_active":false,"_monsterinsights_sitenote_note":"","_monsterinsights_sitenote_category":0},"product_brand":[],"product_cat":[17,18],"product_tag":[],"class_list":{"0":"post-153","1":"product","2":"type-product","3":"status-publish","4":"has-post-thumbnail","6":"product_cat-pielegnacja","7":"product_cat-seria-bursztynowa","9":"first","10":"instock","11":"shipping-taxable","12":"purchasable","13":"product-type-variable"},"aioseo_notices":[],"jetpack_sharing_enabled":true,"_links":{"self":[{"href":"https:\/\/mydlamanufaktura.pl\/index.php?rest_route=\/wp\/v2\/product\/153","targetHints":{"allow":["GET"]}}],"collection":[{"href":"https:\/\/mydlamanufaktura.pl\/index.php?rest_route=\/wp\/v2\/product"}],"about":[{"href":"https:\/\/mydlamanufaktura.pl\/index.php?rest_route=\/wp\/v2\/types\/product"}],"replies":[{"embeddable":true,"href":"https:\/\/mydlamanufaktura.pl\/index.php?rest_route=%2Fwp%2Fv2%2Fcomments&post=153"}],"wp:featuredmedia":[{"embeddable":true,"href":"https:\/\/mydlamanufaktura.pl\/index.php?rest_route=\/wp\/v2\/media\/208"}],"wp:attachment":[{"href":"https:\/\/mydlamanufaktura.pl\/index.php?rest_route=%2Fwp%2Fv2%2Fmedia&parent=153"}],"wp:term":[{"taxonomy":"product_brand","embeddable":true,"href":"https:\/\/mydlamanufaktura.pl\/index.php?rest_route=%2Fwp%2Fv2%2Fproduct_brand&post=153"},{"taxonomy":"product_cat","embeddable":true,"href":"https:\/\/mydlamanufaktura.pl\/index.php?rest_route=%2Fwp%2Fv2%2Fproduct_cat&post=153"},{"taxonomy":"product_tag","embeddable":true,"href":"https:\/\/mydlamanufaktura.pl\/index.php?rest_route=%2Fwp%2Fv2%2Fproduct_tag&post=153"}],"curies":[{"name":"wp","href":"https:\/\/api.w.org\/{rel}","templated":true}]}}