{"id":15132,"date":"2025-06-06T13:29:19","date_gmt":"2025-06-06T13:29:19","guid":{"rendered":"https:\/\/mydlamanufaktura.pl\/?post_type=product&#038;p=15132"},"modified":"2026-01-23T07:35:46","modified_gmt":"2026-01-23T07:35:46","slug":"mydlo-men","status":"publish","type":"product","link":"https:\/\/mydlamanufaktura.pl\/?product=mydlo-men","title":{"rendered":"Myd\u0142o MEN"},"content":{"rendered":"","protected":false},"excerpt":{"rendered":"<p><strong>Myd\u0142o prawdziwego m\u0119\u017cczyzny\u00a0<\/strong><\/p>\n<p><strong>Glicerynowe myd\u0142o naturalnie oczyszczaj\u0105co-piel\u0119gnuj\u0105ce<\/strong><\/p>\n<ul>\n<li>zestaw myde\u0142 glicerynowych 100% zapakowanych w kartonowe opakowanie z okienkiem<\/li>\n<li>myd\u0142o nawil\u017ca sk\u00f3r\u0119, pozostawia j\u0105 mi\u0119kk\u0105, bez osadu i uczucia \u015bci\u0105gni\u0119cia<\/li>\n<li>nietuzinkowa forma myd\u0142a<\/li>\n<li>wyj\u0105tkowy zapach, kt\u00f3ry otuli sk\u00f3r\u0119 i wype\u0142ni pomieszczenie<\/li>\n<\/ul>\n<p><strong>Zapach:<\/strong><em> Men Boss <\/em>\u2013 energetyzuj\u0105cy, balsamicznie aromatyczny zapach, kt\u00f3ry niesie si\u0119 w harmonii \u015bwie\u017cych drzewnych nut wraz z dodatkiem cytrusowego akordu.\u00a0<strong>Grupy zapach\u00f3w<\/strong>: perfumowane, drzewne. Zapach m\u0119ski.<\/p>\n<p><strong>Waga<\/strong>: ok. 100 g.<\/p>\n","protected":false},"featured_media":15123,"comment_status":"open","ping_status":"closed","template":"","meta":{"_monsterinsights_skip_tracking":false,"_monsterinsights_sitenote_active":false,"_monsterinsights_sitenote_note":"","_monsterinsights_sitenote_category":0},"product_brand":[],"product_cat":[31,42,43,35,116],"product_tag":[],"class_list":{"0":"post-15132","1":"product","2":"type-product","3":"status-publish","4":"has-post-thumbnail","6":"product_cat-mydla","7":"product_cat-mydla-z-formy","8":"product_cat-prezenty","9":"product_cat-produkty-okazjonalne","10":"product_cat-seria-meska","12":"first","13":"instock","14":"shipping-taxable","15":"purchasable","16":"product-type-simple"},"aioseo_notices":[],"jetpack_sharing_enabled":true,"_links":{"self":[{"href":"https:\/\/mydlamanufaktura.pl\/index.php?rest_route=\/wp\/v2\/product\/15132","targetHints":{"allow":["GET"]}}],"collection":[{"href":"https:\/\/mydlamanufaktura.pl\/index.php?rest_route=\/wp\/v2\/product"}],"about":[{"href":"https:\/\/mydlamanufaktura.pl\/index.php?rest_route=\/wp\/v2\/types\/product"}],"replies":[{"embeddable":true,"href":"https:\/\/mydlamanufaktura.pl\/index.php?rest_route=%2Fwp%2Fv2%2Fcomments&post=15132"}],"wp:featuredmedia":[{"embeddable":true,"href":"https:\/\/mydlamanufaktura.pl\/index.php?rest_route=\/wp\/v2\/media\/15123"}],"wp:attachment":[{"href":"https:\/\/mydlamanufaktura.pl\/index.php?rest_route=%2Fwp%2Fv2%2Fmedia&parent=15132"}],"wp:term":[{"taxonomy":"product_brand","embeddable":true,"href":"https:\/\/mydlamanufaktura.pl\/index.php?rest_route=%2Fwp%2Fv2%2Fproduct_brand&post=15132"},{"taxonomy":"product_cat","embeddable":true,"href":"https:\/\/mydlamanufaktura.pl\/index.php?rest_route=%2Fwp%2Fv2%2Fproduct_cat&post=15132"},{"taxonomy":"product_tag","embeddable":true,"href":"https:\/\/mydlamanufaktura.pl\/index.php?rest_route=%2Fwp%2Fv2%2Fproduct_tag&post=15132"}],"curies":[{"name":"wp","href":"https:\/\/api.w.org\/{rel}","templated":true}]}}

Mydło MEN

<p><strong>Mydło prawdziwego mężczyzny </strong></p>
<p><strong>Glicerynowe mydło naturalnie oczyszczająco-pielęgnujące</strong></p>
<ul>
<li>zestaw mydeł glicerynowych 100% zapakowanych w kartonowe opakowanie z okienkiem</li>
<li>mydło nawilża skórę, pozostawia ją miękką, bez osadu i uczucia ściągnięcia</li>
<li>nietuzinkowa forma mydła</li>
<li>wyjątkowy zapach, który otuli skórę i wypełni pomieszczenie</li>
</ul>
<p><strong>Zapach:</strong><em> Men Boss </em>– energetyzujący, balsamicznie aromatyczny zapach, który niesie się w harmonii świeżych drzewnych nut wraz z dodatkiem cytrusowego akordu. <strong>Grupy zapachów</strong>: perfumowane, drzewne. Zapach męski.</p>
<p><strong>Waga</strong>: ok. 100 g.</p>
