{"id":14599,"date":"2025-01-16T12:14:08","date_gmt":"2025-01-16T12:14:08","guid":{"rendered":"https:\/\/mydlamanufaktura.pl\/?post_type=product&#038;p=14599"},"modified":"2026-04-09T20:31:32","modified_gmt":"2026-04-09T20:31:32","slug":"puszyste-maslo-do-ciala-kozie-mleko","status":"publish","type":"product","link":"https:\/\/mydlamanufaktura.pl\/?product=puszyste-maslo-do-ciala-kozie-mleko","title":{"rendered":"Puszyste mas\u0142o do cia\u0142a Kozie Mleko"},"content":{"rendered":"","protected":false},"excerpt":{"rendered":"<p><strong>W trosce o Twoj\u0105 sk\u00f3r\u0119 &#8211; Kozie Mleko!\u00a0\u00a0<\/strong><\/p>\n<blockquote>\n<p style=\"font-weight: 400; text-align: left;\">Puszyste mas\u0142o z ekstraktem z koziego mleka jest produktem delikatnym dla sk\u00f3ry. Wspomaga nawil\u017cenie i wyg\u0142adzenie nie naruszaj\u0105c bariery hydrolipidowej sk\u00f3ry. Kozie mleko wykorzystywane w kosmetyce likwiduje uczucie \u015bci\u0105gni\u0119cia i sucho\u015bci. Regularnie stosowane pomaga w zmi\u0119kczeniu, uelastycznieniu oraz rozja\u015bnieniu sk\u00f3ry.<\/p>\n<\/blockquote>\n<p><strong>Zapach<\/strong>: kompozycja z\u0142o\u017cona z bia\u0142ych kwiat\u00f3w, pi\u017cma oraz nuty \u015bwie\u017co\u015bci.<\/p>\n<p><strong>Pojemno\u015b\u0107<\/strong>: 100 g.<\/p>\n","protected":false},"featured_media":14600,"comment_status":"open","ping_status":"closed","template":"","meta":{"_monsterinsights_skip_tracking":false,"_monsterinsights_sitenote_active":false,"_monsterinsights_sitenote_note":"","_monsterinsights_sitenote_category":0},"product_brand":[],"product_cat":[91,17],"product_tag":[],"class_list":{"0":"post-14599","1":"product","2":"type-product","3":"status-publish","4":"has-post-thumbnail","6":"product_cat-kozie-mleko","7":"product_cat-pielegnacja","9":"first","10":"instock","11":"sale","12":"shipping-taxable","13":"purchasable","14":"product-type-simple"},"aioseo_notices":[],"jetpack_sharing_enabled":true,"_links":{"self":[{"href":"https:\/\/mydlamanufaktura.pl\/index.php?rest_route=\/wp\/v2\/product\/14599","targetHints":{"allow":["GET"]}}],"collection":[{"href":"https:\/\/mydlamanufaktura.pl\/index.php?rest_route=\/wp\/v2\/product"}],"about":[{"href":"https:\/\/mydlamanufaktura.pl\/index.php?rest_route=\/wp\/v2\/types\/product"}],"replies":[{"embeddable":true,"href":"https:\/\/mydlamanufaktura.pl\/index.php?rest_route=%2Fwp%2Fv2%2Fcomments&post=14599"}],"wp:featuredmedia":[{"embeddable":true,"href":"https:\/\/mydlamanufaktura.pl\/index.php?rest_route=\/wp\/v2\/media\/14600"}],"wp:attachment":[{"href":"https:\/\/mydlamanufaktura.pl\/index.php?rest_route=%2Fwp%2Fv2%2Fmedia&parent=14599"}],"wp:term":[{"taxonomy":"product_brand","embeddable":true,"href":"https:\/\/mydlamanufaktura.pl\/index.php?rest_route=%2Fwp%2Fv2%2Fproduct_brand&post=14599"},{"taxonomy":"product_cat","embeddable":true,"href":"https:\/\/mydlamanufaktura.pl\/index.php?rest_route=%2Fwp%2Fv2%2Fproduct_cat&post=14599"},{"taxonomy":"product_tag","embeddable":true,"href":"https:\/\/mydlamanufaktura.pl\/index.php?rest_route=%2Fwp%2Fv2%2Fproduct_tag&post=14599"}],"curies":[{"name":"wp","href":"https:\/\/api.w.org\/{rel}","templated":true}]}}