{"id":144,"date":"2024-06-26T05:23:33","date_gmt":"2024-06-26T05:23:33","guid":{"rendered":"https:\/\/mydlamanufaktura.pl\/?post_type=product&#038;p=144"},"modified":"2026-01-23T08:08:06","modified_gmt":"2026-01-23T08:08:06","slug":"kula-musujaca-logo","status":"publish","type":"product","link":"https:\/\/mydlamanufaktura.pl\/?product=kula-musujaca-logo","title":{"rendered":"Kula musuj\u0105ca &#8211; logo"},"content":{"rendered":"","protected":false},"excerpt":{"rendered":"<p><strong>R\u0119cznie robiona musuj\u0105ca kula do k\u0105pieli z olejkiem nawil\u017caj\u0105cym z logo Twojej firmy w formie karnetu\u00a0<\/strong><\/p>\n<ul>\n<li>dzi\u0119ki zawarto\u015bci olejku posiada bardzo wysokie w\u0142a\u015bciwo\u015bci nawil\u017caj\u0105ce i nat\u0142uszczaj\u0105ce<\/li>\n<li>zapach dzia\u0142a aromaterapeutycznie, tym samym czyni\u0105c k\u0105piel wspania\u0142ym, relaksuj\u0105cym doznaniem<\/li>\n<li>ka\u017cda kula zawiera naturalne dodatki:\u00a0<strong>p\u0142atki lawendy<\/strong>,\u00a0<strong>r\u00f3\u017cy<\/strong>,\u00a0<strong>cynamon<\/strong><\/li>\n<\/ul>\n<p>____________<\/p>\n<p>Po z\u0142o\u017ceniu zam\u00f3wienia prosimy o przes\u0142anie logo na adres mailowy <strong>sklep@mydlamanufaktura.pl\u00a0<\/strong><\/p>\n<p>Produkty z logo realizowane s\u0105 przy zam\u00f3wieniu<strong> min. 30 sztuk\/produkt<\/strong><\/p>\n","protected":false},"featured_media":205,"comment_status":"open","ping_status":"closed","template":"","meta":{"_monsterinsights_skip_tracking":false,"_monsterinsights_sitenote_active":false,"_monsterinsights_sitenote_note":"","_monsterinsights_sitenote_category":0},"product_brand":[],"product_cat":[57],"product_tag":[],"class_list":{"0":"post-144","1":"product","2":"type-product","3":"status-publish","4":"has-post-thumbnail","6":"product_cat-mydla-i-produkty-z-logo","8":"first","9":"instock","10":"shipping-taxable","11":"purchasable","12":"product-type-variable"},"aioseo_notices":[],"jetpack_sharing_enabled":true,"_links":{"self":[{"href":"https:\/\/mydlamanufaktura.pl\/index.php?rest_route=\/wp\/v2\/product\/144","targetHints":{"allow":["GET"]}}],"collection":[{"href":"https:\/\/mydlamanufaktura.pl\/index.php?rest_route=\/wp\/v2\/product"}],"about":[{"href":"https:\/\/mydlamanufaktura.pl\/index.php?rest_route=\/wp\/v2\/types\/product"}],"replies":[{"embeddable":true,"href":"https:\/\/mydlamanufaktura.pl\/index.php?rest_route=%2Fwp%2Fv2%2Fcomments&post=144"}],"wp:featuredmedia":[{"embeddable":true,"href":"https:\/\/mydlamanufaktura.pl\/index.php?rest_route=\/wp\/v2\/media\/205"}],"wp:attachment":[{"href":"https:\/\/mydlamanufaktura.pl\/index.php?rest_route=%2Fwp%2Fv2%2Fmedia&parent=144"}],"wp:term":[{"taxonomy":"product_brand","embeddable":true,"href":"https:\/\/mydlamanufaktura.pl\/index.php?rest_route=%2Fwp%2Fv2%2Fproduct_brand&post=144"},{"taxonomy":"product_cat","embeddable":true,"href":"https:\/\/mydlamanufaktura.pl\/index.php?rest_route=%2Fwp%2Fv2%2Fproduct_cat&post=144"},{"taxonomy":"product_tag","embeddable":true,"href":"https:\/\/mydlamanufaktura.pl\/index.php?rest_route=%2Fwp%2Fv2%2Fproduct_tag&post=144"}],"curies":[{"name":"wp","href":"https:\/\/api.w.org\/{rel}","templated":true}]}}